{"id":3024,"date":"2018-03-29T01:05:03","date_gmt":"2018-03-28T23:05:03","guid":{"rendered":"http:\/\/www.ltanc.asso.nc\/?page_id=3024"},"modified":"2020-07-27T14:51:07","modified_gmt":"2020-07-27T03:51:07","slug":"la-ligue","status":"publish","type":"page","link":"http:\/\/www.ltanc.asso.nc\/?page_id=3024","title":{"rendered":"Historique"},"content":{"rendered":"<div class=\"slider-wrapper relative\" id=\"slider-342884184\" >\n    <div class=\"slider slider-nav-circle slider-nav-large slider-nav-light slider-style-normal\"\n        data-flickity-options='{\n            \"cellAlign\": \"center\",\n            \"imagesLoaded\": true,\n            \"lazyLoad\": 1,\n            \"freeScroll\": false,\n            \"wrapAround\": true,\n            \"autoPlay\": 6000,\n            \"pauseAutoPlayOnHover\" : true,\n            \"prevNextButtons\": true,\n            \"contain\" : true,\n            \"adaptiveHeight\" : true,\n            \"dragThreshold\" : 10,\n            \"percentPosition\": true,\n            \"pageDots\": true,\n            \"rightToLeft\": false,\n            \"draggable\": true,\n            \"selectedAttraction\": 0.1,\n            \"parallax\" : 0,\n            \"friction\": 0.6        }'\n        >\n        \n\n  <div class=\"banner has-hover\" id=\"banner-1904584296\">\n          <div class=\"banner-inner fill\">\n        <div class=\"banner-bg fill\" >\n            <img loading=\"lazy\" decoding=\"async\" width=\"1500\" height=\"1000\" src=\"http:\/\/www.ltanc.asso.nc\/wp-content\/uploads\/2018\/03\/3730.jpg\" class=\"bg attachment-original size-original\" alt=\"\" \/>                                    \n                    <\/div>\n\t\t\n        <div class=\"banner-layers container\">\n            <div class=\"fill banner-link\"><\/div>            \n        <\/div>\n      <\/div>\n\n            \n<style>\n#banner-1904584296 {\n  padding-top: 637px;\n}\n#banner-1904584296 .banner-bg img {\n  object-position: 62% 60%;\n}\n<\/style>\n  <\/div>\n\n\n     <\/div>\n\n     <div class=\"loading-spin dark large centered\"><\/div>\n\n\t<\/div>\n\n\n<div class=\"row\"  id=\"row-519077404\">\n\n\t<div id=\"col-2077170646\" class=\"col medium-8 small-12 large-8\"  >\n\t\t\t\t<div class=\"col-inner\"  >\n\t\t\t\n\t\t\t\n<p>Le tir \u00e0 l\u2019arc est n\u00e9 en 1974 \u00e0 Noum\u00e9a.<\/p>\n<p>Sur les fondateurs, il reste Denis MOEDJIJO (pr\u00e9sident du club de Paita).<\/p>\n<p>Pour cr\u00e9er une ligue, il faut 3 clubs ce qui fut le cas en 1988 lors de l\u2019ouverture de l&rsquo; Archerie Club du Mont Dore.<\/p>\n<p>Depuis 2017, la ligue compte 10 clubs affili\u00e9s :<\/p>\n<p>Classement des clubs par date de cr\u00e9ation :<\/p>\n<ul>\n<li>1er club : La Compagnie d\u2019Arc de Noum\u00e9a<\/li>\n<li>2ieme club : Les Archers de Pa\u00efta<\/li>\n<li>3ieme club : Archerie Club du\u00a0 Mont Dore<\/li>\n<li>4ieme club : Les Archers de La Foa<\/li>\n<li>5ieme club : Les Archers de Tipinga<\/li>\n<li>6ieme club : Les Archers de Koumac<\/li>\n<li>7ieme club : Les Archers de la Cote Est (Ferm\u00e9e 2018)<\/li>\n<li>8ieme club : Tir 3D de Pa\u00efta (avant les fl\u00e8ches de Dumb\u00e9a)<\/li>\n<li>9ieme club : Dumb\u00e9a Archerie Club<\/li>\n<li>10ieme club : Les Archers de Bourail<\/li>\n<\/ul>\n\t\t<\/div>\n\t\t\t\t\t<\/div>\n\n\t\n\n\t<div id=\"col-1236835441\" class=\"col medium-4 small-12 large-4\"  >\n\t\t\t\t<div class=\"col-inner\"  >\n\t\t\t\n\t\t\t\n<h3>Un club pr\u00e8s de chez vous<\/h3>\nVous d\u00e9sirez vous initier au tir \u00e0 l'arc ? Vous \u00eates archer confirm\u00e9 ? Vous d\u00e9sirez rejoindre un club ? D\u00e9couvrez tous les clubs pr\u00e9sents en Nouvelle-Cal\u00e9donie.\n\n<div class=\"row\"  id=\"row-1517111066\">\n\n\n\t<div id=\"col-381455823\" class=\"col small-12 large-12\"  >\n\t\t\t\t<div class=\"col-inner text-center\"  >\n\t\t\t\n\t\t\t\n\n<a href=\"http:\/\/www.ltanc.asso.nc\/?page_id=3000\" class=\"button primary is-outline expand\"  >\n\t\t<span>Trouver mon club<\/span>\n\t<i class=\"icon-angle-right\" aria-hidden=\"true\" ><\/i><\/a>\n\n\n\t\t<\/div>\n\t\t\t\t\t<\/div>\n\n\t\n\n<\/div>\n\t\t<\/div>\n\t\t\t\t\t<\/div>\n\n\t\n<\/div>\n","protected":false},"excerpt":{"rendered":"","protected":false},"author":2,"featured_media":0,"parent":2999,"menu_order":0,"comment_status":"closed","ping_status":"closed","template":"page-blank.php","meta":{"footnotes":""},"class_list":["post-3024","page","type-page","status-publish","hentry"],"_links":{"self":[{"href":"http:\/\/www.ltanc.asso.nc\/index.php?rest_route=\/wp\/v2\/pages\/3024","targetHints":{"allow":["GET"]}}],"collection":[{"href":"http:\/\/www.ltanc.asso.nc\/index.php?rest_route=\/wp\/v2\/pages"}],"about":[{"href":"http:\/\/www.ltanc.asso.nc\/index.php?rest_route=\/wp\/v2\/types\/page"}],"author":[{"embeddable":true,"href":"http:\/\/www.ltanc.asso.nc\/index.php?rest_route=\/wp\/v2\/users\/2"}],"replies":[{"embeddable":true,"href":"http:\/\/www.ltanc.asso.nc\/index.php?rest_route=%2Fwp%2Fv2%2Fcomments&post=3024"}],"version-history":[{"count":5,"href":"http:\/\/www.ltanc.asso.nc\/index.php?rest_route=\/wp\/v2\/pages\/3024\/revisions"}],"predecessor-version":[{"id":3437,"href":"http:\/\/www.ltanc.asso.nc\/index.php?rest_route=\/wp\/v2\/pages\/3024\/revisions\/3437"}],"up":[{"embeddable":true,"href":"http:\/\/www.ltanc.asso.nc\/index.php?rest_route=\/wp\/v2\/pages\/2999"}],"wp:attachment":[{"href":"http:\/\/www.ltanc.asso.nc\/index.php?rest_route=%2Fwp%2Fv2%2Fmedia&parent=3024"}],"curies":[{"name":"wp","href":"https:\/\/api.w.org\/{rel}","templated":true}]}}