{"id":3058,"date":"2018-03-29T06:14:38","date_gmt":"2018-03-29T04:14:38","guid":{"rendered":"http:\/\/www.ltanc.asso.nc\/?page_id=3058"},"modified":"2018-06-08T05:21:25","modified_gmt":"2018-06-08T03:21:25","slug":"la-ligue","status":"publish","type":"page","link":"https:\/\/www.ltanc.asso.nc\/?page_id=3058","title":{"rendered":"Pour qui ?"},"content":{"rendered":"<div class=\"slider-wrapper relative\" id=\"slider-1663148775\" >\n    <div class=\"slider slider-nav-circle slider-nav-large slider-nav-light slider-style-normal\"\n        data-flickity-options='{\n            \"cellAlign\": \"center\",\n            \"imagesLoaded\": true,\n            \"lazyLoad\": 1,\n            \"freeScroll\": false,\n            \"wrapAround\": true,\n            \"autoPlay\": 6000,\n            \"pauseAutoPlayOnHover\" : true,\n            \"prevNextButtons\": true,\n            \"contain\" : true,\n            \"adaptiveHeight\" : true,\n            \"dragThreshold\" : 10,\n            \"percentPosition\": true,\n            \"pageDots\": true,\n            \"rightToLeft\": false,\n            \"draggable\": true,\n            \"selectedAttraction\": 0.1,\n            \"parallax\" : 0,\n            \"friction\": 0.6        }'\n        >\n        \n\n  <div class=\"banner has-hover\" id=\"banner-1605829673\">\n          <div class=\"banner-inner fill\">\n        <div class=\"banner-bg fill\" >\n            <img loading=\"lazy\" decoding=\"async\" width=\"1200\" height=\"900\" src=\"https:\/\/www.ltanc.asso.nc\/wp-content\/uploads\/2018\/03\/img.jpeg\" class=\"bg attachment-original size-original\" alt=\"\" \/>                                    \n                    <\/div>\n\t\t\n        <div class=\"banner-layers container\">\n            <div class=\"fill banner-link\"><\/div>            \n        <\/div>\n      <\/div>\n\n            \n<style>\n#banner-1605829673 {\n  padding-top: 637px;\n}\n#banner-1605829673 .banner-bg img {\n  object-position: 0% 55%;\n}\n<\/style>\n  <\/div>\n\n\n     <\/div>\n\n     <div class=\"loading-spin dark large centered\"><\/div>\n\n\t<\/div>\n\n\n<div class=\"row\"  id=\"row-1227477723\">\n\n\t<div id=\"col-458956628\" class=\"col medium-8 small-12 large-8\"  >\n\t\t\t\t<div class=\"col-inner\"  >\n\t\t\t\n\t\t\t\n<h3>A qui s&rsquo;adresse le tir \u00e0 l&rsquo;arc ?<\/h3>\n<p>A tous, de 7 \u00e0 77 ans. M\u00eame si le tir \u00e0 l\u2019arc est un sport tr\u00e8s individuel, c\u2019est essentiellement au sein d\u2019un club qu\u2019il se pratique et la vie associative y est tr\u00e8s enrichissante.<\/p>\n<p>Le tir \u00e0 l\u2019arc est un moyen tr\u00e8s efficace pour vous relaxer, vous divertir, vous reposer de votre vie active qui ne cesse de devenir plus prenante et plus \u00ab stressante \u00bb.<\/p>\n<p>C\u2019est une v\u00e9ritable \u00e9cole de vie pour les jeunes. Tout y est fait pour qu\u2019ils puissent progresser \u00e0 leur rythme, dans le respect des r\u00e8gles, des autres et d\u2019eux-m\u00eames.<\/p>\n<p>S\u2019il fallait nommer l\u2019action sportive en tir \u00e0 l\u2019arc, il faudrait dire (pour les puristes) qu\u2019il s\u2019agit d\u2019un sport o\u00f9 l&rsquo;on coordonne la vue et le geste.<\/p>\n<p>Les disciplines de tir sont tr\u00e8s diff\u00e9rentes, en salle, en plein air, \u00e0 la cible, en pelotons, tir instinctif, tir avec viseur etc \u2026etc\u2026 le choix est vaste, vous n\u2019aurez qu\u2019\u00e0 essayer.<\/p>\n\t\t<\/div>\n\t\t\t\t\t<\/div>\n\n\t\n\n\t<div id=\"col-167325858\" class=\"col medium-4 small-12 large-4\"  >\n\t\t\t\t<div class=\"col-inner\"  >\n\t\t\t\n\t\t\t\n<h3>Un club pr\u00e8s de chez vous<\/h3>\nVous d\u00e9sirez vous initier au tir \u00e0 l'arc ? Vous \u00eates archer confirm\u00e9 ? Vous d\u00e9sirez rejoindre un club ? D\u00e9couvrez tous les clubs pr\u00e9sents en Nouvelle-Cal\u00e9donie.\n\n<div class=\"row\"  id=\"row-521051652\">\n\n\n\t<div id=\"col-62851795\" class=\"col small-12 large-12\"  >\n\t\t\t\t<div class=\"col-inner text-center\"  >\n\t\t\t\n\t\t\t\n\n<a href=\"http:\/\/www.ltanc.asso.nc\/?page_id=3000\" class=\"button primary is-outline expand\"  >\n\t\t<span>Trouver mon club<\/span>\n\t<i class=\"icon-angle-right\" aria-hidden=\"true\" ><\/i><\/a>\n\n\n\t\t<\/div>\n\t\t\t\t\t<\/div>\n\n\t\n\n<\/div>\n\t\t<\/div>\n\t\t\t\t\t<\/div>\n\n\t\n<\/div>\n","protected":false},"excerpt":{"rendered":"","protected":false},"author":2,"featured_media":0,"parent":3001,"menu_order":0,"comment_status":"closed","ping_status":"closed","template":"page-blank.php","meta":{"footnotes":""},"class_list":["post-3058","page","type-page","status-publish","hentry"],"_links":{"self":[{"href":"https:\/\/www.ltanc.asso.nc\/index.php?rest_route=\/wp\/v2\/pages\/3058","targetHints":{"allow":["GET"]}}],"collection":[{"href":"https:\/\/www.ltanc.asso.nc\/index.php?rest_route=\/wp\/v2\/pages"}],"about":[{"href":"https:\/\/www.ltanc.asso.nc\/index.php?rest_route=\/wp\/v2\/types\/page"}],"author":[{"embeddable":true,"href":"https:\/\/www.ltanc.asso.nc\/index.php?rest_route=\/wp\/v2\/users\/2"}],"replies":[{"embeddable":true,"href":"https:\/\/www.ltanc.asso.nc\/index.php?rest_route=%2Fwp%2Fv2%2Fcomments&post=3058"}],"version-history":[{"count":5,"href":"https:\/\/www.ltanc.asso.nc\/index.php?rest_route=\/wp\/v2\/pages\/3058\/revisions"}],"predecessor-version":[{"id":3280,"href":"https:\/\/www.ltanc.asso.nc\/index.php?rest_route=\/wp\/v2\/pages\/3058\/revisions\/3280"}],"up":[{"embeddable":true,"href":"https:\/\/www.ltanc.asso.nc\/index.php?rest_route=\/wp\/v2\/pages\/3001"}],"wp:attachment":[{"href":"https:\/\/www.ltanc.asso.nc\/index.php?rest_route=%2Fwp%2Fv2%2Fmedia&parent=3058"}],"curies":[{"name":"wp","href":"https:\/\/api.w.org\/{rel}","templated":true}]}}